5 and p.
29
Suppose -18*v + 33952 - 24349 = -29457. Calculate the highest common factor of v and 280.
70
Let w = -149 + 267. Let h = -141 + w. Let z = h + 27. Calculate the highest common divisor of z and 36.
4
Let f(b) = 63*b**2 - 415*b - 74. Let l be f(7). What is the greatest common factor of l and 1380?
12
Let x be (-46)/((0 + 2)/(-4)). Let g be 5/(-10)*-10 + -1 + 52. Suppose -g*s - x = -60*s. Calculate the highest common divisor of s and 207.
23
Let v(q) = 7*q**2 - 120*q - 223. Let w be v(19). Calculate the highest common divisor of w and 1092.
12
Suppose -14*g = -10*g, 4*q = -2*g + 56. Let n(o) = o**3 + 3*o**2 - 4*o - 6. Let m be n(7). Let u be m/33 + 2/11. What is the highest common divisor of q and u?
14
Suppose r = 3*i - 132, -1960*r = i - 1962*r - 49. Calculate the greatest common divisor of i and 7439.
43
Let s be 8 + (39 - (30 + -13)). What is the highest common divisor of s and 384?
6
Let a(f) be the third derivative of f**3 + 0*f + 0 - 7/12*f**4 - 30*f**2. Let u be a(-1). Calculate the highest common divisor of u and 50.
10
Let j = 1300 - 670. Suppose 62*n = 46*n + 1120. What is the greatest common factor of j and n?
70
Let s(o) = o**3 - 31*o**2 - 31*o - 31. Let z be s(32). Let m be 12/42*(71 - z). What is the greatest common divisor of 60 and m?
20
Suppose 7193 - 1067 = 4*w + 6*u, -2*w = 4*u - 3058. Calculate the highest common factor of w and 133.
19
Suppose 4*q + 3*r = 2*q + 267, q - 5*r - 114 = 0. Suppose -2*a = q + 1. Let w be (-2652)/a - (-4)/(-5). What is the highest common divisor of w and 120?
40
Let f = 610 + -616. Let a be ((-36)/(-12))/(f/(-1178)). Calculate the highest common divisor of 19 and a.
19
Suppose -k + 25*b + 144 = 22*b, 5*b + 20 = 0. Calculate the highest common divisor of k and 132.
132
Let l = -301 - -301. Suppose l = -m + 29 - 27, -z = -5*m - 130. What is the greatest common factor of z and 20?
20
Suppose 4 = 8*n - 52. Suppose -n + 43 = 4*l. Suppose 2*s - 89 = -3*t, 0 = 3*s - 3 - l. What is the highest common factor of t and 27?
27
Suppose 3626 = 3*q - 3*b - 1222, -5*q = 2*b - 8038. Calculate the highest common divisor of q and 252.
14
Let w(s) = -29*s - 43. Let k(r) = 276*r + 408. Let b = 1 - 6. Let g(q) = b*k(q) - 48*w(q). Let i be g(6). Calculate the greatest common divisor of i and 64.
32
Suppose -94*g + 9677 = 2996 - 12495. Calculate the highest common factor of g and 1836.
204
Suppose -679 = 8*q - 231. Let o = q - -62. Let f be 18*(4 + (-15)/o). Calculate the highest common factor of f and 9.
9
Suppose 42 = -9*p - 5*p. Let y be (1 - 9)*(p + 45/20). Suppose -12 = -9*r + y. What is the greatest common divisor of r and 10?
2
Let w(d) = d**3 + 41*d**2 - 46*d - 154. Let m be w(-42). What is the greatest common divisor of m and 13538?
14
Let s be (-2*(-2)/(-8))/((-32)/18496). What is the highest common divisor of s and 51?
17
Let s = -67 - -43. Let m = s - -583. Calculate the highest common factor of 26 and m.
13
Let m be -1*36/8*-4. Suppose -5*q + m = 33. Let j(n) = -n**3 - n**2 + n - 1. Let k be j(q). What is the greatest common divisor of k and 21?
7
Let s(j) = 5*j + 5. Let d(c) = -2*c**3 + 11*c**2 + 21*c + 7. Let m be d(7). Let n be s(m). Calculate the highest common factor of 48 and n.
8
Let x = 6257 - 6254. What is the greatest common divisor of x and 256?
1
Let i = -73 - -75. Suppose -15*g + 264 = -11*g - i*b, -4*g + b + 262 = 0. Calculate the greatest common factor of 65 and g.
65
Suppose 2*l - 101 = -f, -3*l + 309 = 3*f - 0*f. Let k = -96 + f. Calculate the highest common factor of 9 and k.
9
Suppose -11*j + 10 + 12 = 0. Let x be (-9)/(j*(-9)/24). What is the greatest common divisor of 108 and x?
12
Let z(h) = 21*h + 87. Let c be z(5). Suppose 0 = -3*p - 3*r + 186, -5*r = -5*p + 158 + c. What is the highest common factor of 33 and p?
33
Let x(g) = -g**3 - 5*g**2 - 4. Let n be x(-4). Let t = 62 + n. Let i = -5237 - -5265. Calculate the greatest common divisor of t and i.
14
Let q be (-2)/(-9) - 16404/(-54). Suppose -4*f - 550 = -28*f - 166. Calculate the highest common factor of q and f.
16
Suppose -3*j - f + 2553 = 0, 11*f + 3412 = 4*j + 15*f. Calculate the highest common factor of j and 1105.
85
Suppose -8 = -2*q + 4. Let i(y) = 14*y + 6. Let a be i(q). Let f = -518769 + 518799. Calculate the greatest common divisor of f and a.
30
Let g = -128 - -130. Suppose -106 = -4*w + g*b, 5*w - 74 - 75 = -3*b. Calculate the highest common divisor of 140 and w.
28
Suppose -6106 = 4086*g - 4057*g - 43255. Calculate the greatest common divisor of g and 28.
7
Suppose -18*q + 41*q - 1728 = -q. What is the greatest common divisor of q and 714?
6
Let q = -360 + 674. Suppose 4*r = -x + q + 235, -5*x + 123 = r. What is the greatest common divisor of r and 6?
6
Let b = -2745 - -2977. Calculate the greatest common divisor of b and 580.
116
Suppose -150*m - 518 = -148*m. Let i = 520 + m. What is the greatest common factor of 29 and i?
29
Let w = -3579 - -5031. What is the greatest common factor of w and 48?
12
Suppose 0 = 3*h + 2*h - 750. Let a be (1788/1490)/(6/500). What is the greatest common divisor of h and a?
50
Let j = -23 - -15. Let h = j + 13. Let x(l) = -3*l**3 + 2*l**2 + 6*l + 35. Let g be x(0). What is the highest common divisor of h and g?
5
Let s(x) = -2*x + 17. Let l be s(6). Let j be 15*l/9*(-570)/(-25). What is the highest common factor of j and 50?
10
Let q = -42848 - -43152. Calculate the greatest common factor of q and 874.
38
Suppose -s + 0 = 10. Let t(i) = -2*i**3 - 11*i**2 + 13*i - 2. Let y be t(s). Suppose -31*o = -35*o + y. What is the highest common divisor of 24 and o?
24
Suppose 3*r = -3*a + 51, 3*r - 23 = 5*a + 12. Suppose -3*v + 486 = r*v. Calculate the greatest common factor of 27 and v.
27
Let b be (20/12)/5 - (-8)/12. Suppose -b = 3*w - 7. Calculate the greatest common divisor of w and 9.
1
Suppose 9*r - 4690 = -4591. Let p = -3 + 3. Let v(s) = -s**2 + s + 121. Let i be v(p). What is the greatest common factor of r and i?
11
Let n(u) = -66*u - 1590. Let b be n(-51). Calculate the highest common divisor of 32 and b.
16
Let m be (8/(-22))/((-14)/77). Suppose 2*r = -m*v + 3*v - 27, 3*v - 74 = -r. What is the highest common factor of 275 and v?
25
Suppose 93*t - 21378 - 12142 = 6842. What is the highest common divisor of 42 and t?
14
Suppose -2622 = -10*j - 9*j. Let h = j - -478. Calculate the highest common factor of h and 56.
56
Let m(s) = -2*s**3 + 14*s**2 + 5*s - 22. Let o be m(6). Let f(r) = 2*r**2 + 20*r + 12. Let l be f(-12). What is the highest common divisor of o and l?
20
Let x be -2*(2/(-4))/(10/20). Let o(a) = -a**3 + 6*a**2 - 3*a - 2. Let m be o(x). What is the highest common factor of m and 1?
1
Let d be 2120790/378 + 4/9. Calculate the highest common divisor of 31 and d.
31
Suppose y + 0 = 44. Suppose -w - 4 = 0, 2*r - 3*w - y = -2*r. Let s(i) = -16*i. Let n be s(-4). What is the greatest common divisor of r and n?
8
Suppose 3 - 2 = f. Let n(u) = 1713*u - 23967. Let s be n(14). Calculate the greatest common factor of s and f.
1
Let w = 18711 - 18695. Calculate the greatest common divisor of 550 and w.
2
Let z be ((-21)/(-70))/(2/(-10)) - 4183/(-178). Let k = -13 + 26. Let r = 145 - k. Calculate the greatest common factor of z and r.
22
Let a be (5 - (216/32 + 3))/(2/(-1312)). Calculate the highest common factor of a and 76.
76
Suppose -n + 4*u = u - 180, 2*n = 3*u + 351. Let i = -119 - -129. Suppose -i*k = 31 - n. What is the greatest common divisor of k and 14?
14
Let g(d) = 3*d + 89. Let t be g(-24). Let q be (t + -1)*(-6)/(-8). What is the greatest common divisor of 24 and q?
12
Let h(m) = -m**3 + 13*m**2 - 37*m + 14. Suppose 4*s + 56 = 88. Let q be h(s). What is the greatest common factor of q and 95?
19
Suppose 7*p - 46*p + 17901 = 0. Calculate the greatest common factor of p and 333.
9
Let c = -3442 - -3463. Calculate the highest common divisor of 112 and c.
7
Suppose -77*q + 1996874 - 69872 = 0. What is the highest common divisor of 258 and q?
258
Let d(l) be the third derivative of 7*l**4/12 - 13*l**3/6 - 2*l**2 + 11. Let v be d(5). Calculate the highest common factor of 19 and v.
19
Let b = 43609 - 43575. Calculate the highest common divisor of 3876 and b.
34
Suppose 3*k - 3*o - 315 + 0 = 0, 0 = 4*o - 12. Let c = k + 102. What is the greatest common divisor o